d**2 - d - 1. Let s(h) = -5*h - 3*h**2 + 4*h + 4 + 4*h. Let u(l) = 7*c(l) + 2*s(l). Determine u(-3).
13
Let t(u) = -u**2 - 3*u + 3. Suppose -11*k + 15 = -6*k - 5*n, 3*k = -4*n + 16. Suppose 5*q + k*j = 5*j - 10, -31 = 2*q + 5*j. Give t(q).
3
Suppose 19*i = 51 + 63. Let u(t) = -159*t. Let q be u(-1). Let o(n) = -q + 77 + n**2 - i*n + 80. What is o(6)?
-2
Suppose 29*m = -42*m + 63*m + 24. Let r(q) = q**2 - 4*q + 3. Determine r(m).
0
Let x(i) be the third derivative of i**5/30 - 13*i**4/12 + 17*i**3/6 + 350*i**2. Calculate x(13).
17
Let g(s) = s**2 + 3*s - 3. Let k(t) = -3*t + 3. Let h(f) = -3*g(f) - 4*k(f). Let d(r) = -17*r**2 - 4*r + 6. Let j be d(-4). Let z = j - -252. Determine h(z).
-9
Let o = 138 + -118. Suppose 5*h - o = k, -5*k - 7*h + 4*h - 44 = 0. Let m(v) = -v + 3. Give m(k).
13
Let n(q) = q**2 - 35*q - 13. Let g(y) = 2*y**2 - 67*y - 29. Let z(x) = 6*g(x) - 11*n(x). Determine z(19).
7
Let v(j) be the second derivative of 1/3*j**4 + 1/3*j**3 - 5*j + 3/2*j**2 + 3. Give v(-1).
5
Suppose 4*d - 4*l = 2*d + 150, 4 = 4*l. Suppose 0 = 3*h + z - 241, 0 = -h + 3*h - 3*z - 157. Let t = d - h. Let f(q) = -8*q - 1. Calculate f(t).
23
Let a(x) be the third derivative of -x**7/2520 - x**6/180 - x**5/120 - 23*x**4/8 + 3*x**2 - 6*x. Let n(b) be the second derivative of a(b). Determine n(-6).
-13
Let j(l) = 3*l + 13. Let v(t) = 20*t + t**3 + 17*t**2 - 32*t + 11 + 13*t. Let s be v(-17). Calculate j(s).
-5
Let i = -215 - 127. Let q be i/(-45) + 6/(-10). Suppose 0 = q*b - 5*b + 4*r + 4, 0 = -2*b + 3*r - 18. Let f(t) = -t - 9. Give f(b).
-3
Let v(l) = -13*l**2 + 10*l + 60. Let j(n) = -5*n**2 + 5*n + 20. Let k(b) = 11*j(b) - 4*v(b). What is k(4)?
-8
Let f be (164/82)/(2/(-3)). Let q(b) = -18*b - 18. Give q(f).
36
Let g(p) = p**3 - p**2 - 9. Let o be 7/((-21)/12) + 6. Suppose -4*j + 3*b = 6, -4 = 4*j - 5*j - o*b. Determine g(j).
-9
Let n(s) = s + 25. Suppose 16*z = 15*z + 6. Suppose z*o = 9*o + 69. Let i be n(o). Let c(u) = -u + 2. Determine c(i).
0
Let n = 17/172 - 2/129. Let f(w) be the second derivative of 2*w**3 + 0 + 28*w - w**2 - n*w**4. Calculate f(12).
-2
Let s(g) = -12*g**3 + 5*g**2 - 3*g + 11. Let a(v) = -v**3 + v**2 - v + 2. Let l(h) = -5*a(h) + s(h). Let n(j) = j + 10. Let d be n(-8). Calculate l(d).
-51
Let z be 6/(-10) + ((-26)/(-10) - -4). Let l(h) = 10 + 5 + 0*h - h - z. Let k be 2/4 - (-14)/4. Determine l(k).
5
Let n(j) be the second derivative of -1/3*j**3 + 0 + 5*j - 5/2*j**2. Let a be 2/(319/(-22) - -14). What is n(a)?
3
Let w(h) be the first derivative of h**4/4 - 5*h**3/3 - 4*h**2 + 9*h - 897. What is w(5)?
-31
Let m(r) = -13*r**3 + 5*r**2 - r - 6. Let j(h) = -18 + h + 15*h**2 - 3*h + 8 - 37*h**3 - 8. Let p(k) = -6*j(k) + 17*m(k). Determine p(6).
12
Suppose -29*l + 66 = -50. Let o(f) be the third derivative of 7*f**2 + 5/24*f**l - 4/3*f**3 + 0 + 0*f + 1/60*f**5. Give o(-6).
-2
Suppose -5*i = 5*u + 10, 2*i - 7*i - 2*u = -5. Let h(p) = 9*p + 7*p - 2 + i. What is h(1)?
17
Let k(b) = -2*b - 2. Let a be (-2*(-3)/(-5))/((-7)/70). Suppose -5*i + 2*g = a, -7*i = -5*i + g + 3. Calculate k(i).
2
Suppose 2246*i = 1113*i + 1115*i. Let x(s) = s**3 + s**2 + s - 1. Determine x(i).
-1
Suppose i - 2*a = 2*a + 5, 5*i + a + 17 = 0. Let n(q) be the second derivative of 3*q**2 + 6*q + 1/6*q**3 + 2. Determine n(i).
3
Let z(d) = -d - 15. Let t(w) = -3*w - 13. Let n(h) = 3*t(h) - z(h). Give n(-4).
8
Let a(u) = 411 - 524 + 68*u - 48*u. What is a(6)?
7
Let g be 1 - 8*(1 + (-9)/12). Let t be 0/(-3) - 3/g. Let k(x) = 4 - 8 + 2*x + 2*x**3 + t. Give k(1).
3
Let m(q) = -q + 14. Let x be ((-10)/(-6))/((-2)/(-78)). Suppose -13*b + x = -13. Give m(b).
8
Let a(c) be the first derivative of 9/2*c**2 - 1/4*c**4 + 2*c + 2*c**3 - 54. Calculate a(7).
16
Let y = -4/21135 + 2351/14090. Let v(t) be the second derivative of -2 - 14*t - 5*t**2 - y*t**3. Determine v(-11).
1
Let y(h) = 133 - h - h**2 + 4*h**2 - 4*h**2 - 260 + 129. Give y(-4).
-10
Let r(k) = -6*k**2 - 5*k + 17. Let j(o) = 7*o**2 + 4*o - 29. Let u(b) = -2*j(b) - 3*r(b). Give u(-5).
72
Let l(g) = 10*g - 1. Let m(p) = -9*p + 1. Let d(q) = 3*l(q) + 4*m(q). Suppose -7 = 3*y - 2*f, -7*f + 2*f + 8 = 2*y. Give d(y).
7
Let x(m) = m**3 + 7*m**2 + m - 6. Let w(j) be the first derivative of -5*j**4/4 - 29*j**3/3 - 2*j**2 + 25*j + 107. Let l(s) = -2*w(s) - 9*x(s). Determine l(5).
-1
Let o(c) = 2*c**2 + 13*c - 3. Let p be ((-15)/(-2))/(360/(-288)). Calculate o(p).
-9
Let m(z) = -z**3 - 25*z**2 - 89*z - 112. Let g be m(-21). Let a(c) = -6*c**3 - 38*c**2 + 26*c - 10. Give a(g).
4
Suppose 24 = -7*a + 101. Let f(w) = -a*w - 3*w - 9 + 18*w. Give f(5).
11
Let j(h) = 48*h**2 - 1 + 0 + 7 - 49*h**2 - 4. Give j(-4).
-14
Let j(u) be the first derivative of 0*u**2 + 1/120*u**5 - 40/3*u**3 - 25 + 0*u + 5/24*u**4. Let g(v) be the third derivative of j(v). What is g(-7)?
-2
Suppose 70 = -0*a + 39*a - 8. Let v(r) be the second derivative of -6*r**a - 1/20*r**5 - 5/6*r**4 - 14*r - 11/6*r**3 + 0. Give v(-9).
6
Let z(j) be the second derivative of -j**8/2240 + j**7/1260 - j**6/720 - j**4/6 + 77*j. Let i(s) be the third derivative of z(s). Determine i(1).
-2
Suppose -28 = -4*t - 4. Let f(k) = -k. Let d(o) = -9*o - 2. Let c(l) = t*f(l) - d(l). Suppose 3*h = -18, 86*b - 10 = 90*b - h. What is c(b)?
-10
Let n = -18 + 18. Suppose n = 2*i + i. Let y(r) = -r - 7. Calculate y(i).
-7
Suppose 15*o - 88 = 4*o. Let f(i) = i - 8. Let s be f(o). Suppose 2*q - 2 + 10 = s. Let c(d) = -d + 3. Determine c(q).
7
Let f(s) be the second derivative of s**5/20 + s**4/2 + s**3/6 + 4*s**2 + 3*s - 4. Determine f(-7).
-48
Let s = -664 + 668. Suppose -5*t - 12 = 4*h - 54, 0 = -s*t - 4*h + 36. Let m(n) = -3*n + 13. What is m(t)?
-5
Let d(w) be the third derivative of 0 - 1/6*w**3 + 17*w**2 + 1/12*w**4 - 1/120*w**6 + 0*w**5 + 0*w. Suppose 2*p - 3*j = -2*j + 6, 3*j = -6. Give d(p).
-5
Suppose -4*h + 1 + 7 = -2*z, 4*h - 6 = z. Let q(l) = 12*l - 1230. Let j(i) = 5*i - 491. Let v(f) = 5*j(f) - 2*q(f). Calculate v(z).
3
Let n(t) = -4*t + 4. Let j(u) = 11*u**2 - 25*u + 10. Let r be j(2). What is n(r)?
-12
Let w = 5872 - 5884. Let v(f) = f + 20. Determine v(w).
8
Let v(y) = -y**2 + 2*y + 12. Suppose -5*q + 30 = -4*n, -316*q + 321*q + 3*n - 30 = 0. Give v(q).
-12
Let f(i) = 5*i**3 + 2*i**2 + i. Let r(y) = 17*y + 23. Let o be r(-6). Let q = o - -78. Determine f(q).
-4
Let v(s) = -4*s + 9. Let x = -2199 - -2207. Calculate v(x).
-23
Let d(x) = -2*x + 3 - 5 + 3*x. Let u(l) = -l**3 - 2*l**2 + 12*l - 17. Let b be u(-5). Determine d(b).
-4
Let p(u) = u**3 - 6*u**2 + 5*u - 1. Let b be p(5). Let g(i) = -495*i - 2. Let v(h) = 911*h + 4. Let l(z) = 11*g(z) + 6*v(z). Determine l(b).
-19
Let u(q) be the second derivative of 1/12*q**4 + 0 + 1/6*q**3 + 7/2*q**2 + 2*q. Let s = 148231 + -148231. Determine u(s).
7
Let z(b) = -b**3 - 2*b**2 + 3. Let j be ((0 + 0)/(-3))/(-2). Let p be z(j). Suppose -4*d + x + 0*x = 14, -4*d - 10 = -p*x. Let o(c) = -3*c - 6. Calculate o(d).
6
Let h be 17/15*3 - 21/(-35). Let z(t) = 172*t + 187*t - 358*t + h. Determine z(-6).
-2
Let i = 6 - -4. Let m(u) = -5*u**3 - 31*u**2 - 13*u + 57. Let n(a) = -17*a**3 - 109*a**2 - 45*a + 199. Let z(c) = -31*m(c) + 9*n(c). What is z(i)?
4
Let j(w) be the second derivative of 0 - 8*w - 5/6*w**3 + 1/12*w**4 + w**2. Let v be (-14)/(-4) + 7/(-112)*-8. Give j(v).
-2
Let b be 6/(-15) - (-24)/10. Let h(g) = g**2 + g**3 + g**2 + g**2 - 2 + b*g. Let y(w) = -w**3 + 11*w**2 - 32*w + 7. Let t be y(5). Give h(t).
-8
Let t(j) = -j**3 + 5*j**2 + 4*j - 5. Let p be ((-4)/5)/((-8)/(-40)). Let s be p*(45/12 + -5). Give t(s).
15
Let c be (-2)/8 - (-500)/80. Let f(b) = -4*b**3 + 5*b**2 - 10*b - 38. Let w(p) = 3*p**3 - 3*p**2 + 8*p + 32. Let d(r) = 4*f(r) + 5*w(r). Determine d(c).
-28
Let n = 98 + -79. Suppose n*l - 11 = 20*l. Let o(z) = -z**3 - 12*z**2 - 12*z - 10. Determine o(l).
1
Let y(h) = 9*h - 10 - h - 12 - h. Calculate y(3).
-1
Let h(j) = j**3 + 7*j**2 - j - 2. Let v(r) = 6*r**2 + 22*r + 66. Let y be v(-4). Suppose 231 = 41*s - y*s. Calculate h(s).
5
Let x(z) = 1 + 3*z - 6*z - 7*z**2 + 2*z. Let q be (-355)/(-20) - (-6)/(-8). Suppose -3*r - q = -2*j, -j + 0*r = 4*r + 19. Determine x(j).
-7
Let q(h) = 3*h**2 - 40*h + 77. Let s = -9918 - -9929. What is q(s)?
0
Let u(h) = h + 4. Let r(b) = 4*b + 23. Let v(y) = -r(y) + 3*u(y). Give v(0).
-11
Let l(o) be